e factors of 3056839189.
3056839189
What are the prime factors of 216370962?
2, 3, 12020609
List the prime factors of 678641514.
2, 3, 1093, 103483
What are the prime factors of 430054335?
3, 5, 269, 35527
What are the prime factors of 3191242089?
3, 7, 151963909
List the prime factors of 488906057.
488906057
List the prime factors of 38647496.
2, 4830937
What are the prime factors of 269440342?
2, 257, 524203
What are the prime factors of 264300384?
2, 3, 2753129
What are the prime factors of 184081359?
3, 7, 11, 796889
What are the prime factors of 444426372?
2, 3, 13, 349, 907
List the prime factors of 1199928499.
7, 11, 61, 255467
What are the prime factors of 69142249?
11, 6285659
What are the prime factors of 1963673675?
5, 167, 193, 2437
What are the prime factors of 39139069?
19, 53, 38867
What are the prime factors of 790566165?
3, 5, 67, 263, 997
List the prime factors of 1524030170.
2, 5, 13, 653, 1381
What are the prime factors of 247892576?
2, 2377, 3259
List the prime factors of 15594145.
5, 7, 41, 10867
List the prime factors of 3829606213.
53, 1493, 48397
List the prime factors of 272798738.
2, 53, 421, 6113
List the prime factors of 5321360238.
2, 3, 886893373
List the prime factors of 342075446.
2, 2843, 60161
What are the prime factors of 18306440?
2, 5, 457661
List the prime factors of 52806518.
2, 271, 97429
List the prime factors of 53305184.
2, 19, 73, 1201
List the prime factors of 17321607.
3, 213847
What are the prime factors of 1181764813?
2609, 452957
What are the prime factors of 800785378?
2, 400392689
What are the prime factors of 35546017?
13, 19, 23, 6257
List the prime factors of 131435736.
2, 3, 5476489
What are the prime factors of 763633865?
5, 152726773
List the prime factors of 39549983.
11, 47, 227, 337
List the prime factors of 2464381671.
3, 71, 11569867
List the prime factors of 314314080.
2, 3, 5, 654821
What are the prime factors of 241088374?
2, 37, 887, 3673
List the prime factors of 1685809944.
2, 3, 7, 13, 257297
List the prime factors of 2168351026.
2, 197, 5503429
What are the prime factors of 890178071?
83, 10725037
What are the prime factors of 318003692?
2, 47, 887, 1907
List the prime factors of 83969961.
3, 67, 113, 3697
List the prime factors of 4546336057.
28123, 161659
What are the prime factors of 3492328495?
5, 698465699
What are the prime factors of 42851652?
2, 3, 3570971
List the prime factors of 4408388433.
3, 489820937
List the prime factors of 80537494.
2, 40268747
List the prime factors of 8406676.
2, 2101669
List the prime factors of 7336594307.
7, 17, 1609, 38317
List the prime factors of 167632544.
2, 1427, 3671
What are the prime factors of 26212130?
2, 5, 7, 17, 22027
What are the prime factors of 546750897?
3, 7, 11, 19, 347, 359
List the prime factors of 30913231.
31, 997201
List the prime factors of 89642989.
17, 5273117
What are the prime factors of 83774908?
2, 7, 427423
What are the prime factors of 342314117?
342314117
List the prime factors of 318527129.
318527129
What are the prime factors of 28313737?
43, 15313
List the prime factors of 600115187.
7, 2273, 37717
What are the prime factors of 98219916?
2, 3, 2728331
List the prime factors of 2236439543.
13, 4519, 38069
What are the prime factors of 5872008?
2, 3, 244667
What are the prime factors of 670839201?
3, 74537689
What are the prime factors of 9466139?
9466139
What are the prime factors of 258827657?
11, 1663, 14149
What are the prime factors of 263764046?
2, 7, 13, 23, 37, 131
What are the prime factors of 6614645202?
2, 3, 11, 2477, 13487
List the prime factors of 1545762283.
13, 37, 193, 16651
What are the prime factors of 11729614?
2, 13, 34703
What are the prime factors of 22991987?
31, 741677
What are the prime factors of 2229038696?
2, 1567, 177811
List the prime factors of 51856713.
3, 233, 8243
List the prime factors of 3161417435.
5, 11, 433, 132749
List the prime factors of 43584423.
3, 19, 139, 5501
List the prime factors of 1076574302.
2, 538287151
List the prime factors of 250846467.
3, 827, 101107
What are the prime factors of 87209066?
2, 7, 107, 58217
List the prime factors of 4492705.
5, 7, 23, 5581
What are the prime factors of 1880910?
2, 3, 5, 20899
What are the prime factors of 444646733?
31, 53, 270631
What are the prime factors of 3329984?
2, 7, 7433
What are the prime factors of 784332127?
784332127
What are the prime factors of 35580050?
2, 5, 11, 5881
List the prime factors of 98131635.
3, 5, 7, 103843
What are the prime factors of 4914104374?
2, 269, 9134023
List the prime factors of 8873157.
3, 1321, 2239
List the prime factors of 1345939082.
2, 1201, 560341
List the prime factors of 438976472.
2, 11, 4988369
List the prime factors of 29920519.
29920519
List the prime factors of 266243417.
11, 24203947
What are the prime factors of 71852130?
2, 3, 5, 7, 5431
List the prime factors of 8746325.
5, 7, 23, 41, 53
What are the prime factors of 2197918971?
3, 244213219
What are the prime factors of 551448266?
2, 7793, 35381
What are the prime factors of 2492726245?
5, 331, 1506179
List the prime factors of 4432116202.
2, 53, 379, 110323
List the prime factors of 594982972.
2, 617, 241079
What are the prime factors of 56117452?
2, 157, 193, 463
List the prime factors of 426845534.
2, 373, 572179
List the prime factors of 131480543.
277, 474659
What are the prime factors of 219529706?
2, 11, 43, 109, 2129
List the prime factors of 16792290.
2, 3, 5, 186581
What are the prime factors of 5767374?
2, 3, 19, 50591
What are the prime factors of 62808720?
2, 3, 5, 13, 41, 491
What are the prime factors of 22517794?
2, 13, 47, 18427
What are the prime factors of 34526338?
2, 7, 11, 224197
List the prime factors of 913301568.
2, 3, 41, 4297
List the prime factors of 32435187.
3, 10811729
List the prime factors of 195532178.
2, 97766089
What are the prime factors of 3198521040?
2, 3, 5, 11, 13, 67, 107
What are the prime factors of 61586719?
199, 309481
What are the prime factors of 804550160?
2, 5, 17, 591581
What are the prime factors of 151052453?
151052453
What are the prime factors of 1734267066?
2, 3, 7, 19, 181, 12007
What are the prime factors of 104615476?
2, 7, 179, 20873
What are the prime factors of 1342329862?
2, 89, 7541179
List the prime factors of 663636033.
3, 37, 991, 2011
What are the prime factors of 1377792974?
2, 688896487
What are the prime factors of 47959840?
2, 5, 299749
List the prime factors of 3487436350.
2, 5, 6173, 11299
List the prime factors of 810549116.
2, 13, 67, 83, 2803
What are the prime factors of 940086367?
11, 85462397
List the prime factors of 36995628.
2, 3, 1297, 2377
What are the prime factors of 521633678?
2, 17, 15342167
List the prime factors of 4049176186.
2, 11, 1521103
What are the prime factors of 127368459?
3, 14152051
What are the prime factors of 11441258?
2, 23, 248723
List the prime factors of 114765603.
3, 38255201
List the prime factors of 1494913397.
61, 881, 27817
List the prime factors of 101042457.
3, 83, 179, 2267
What are the prime factors of 75038148?
2, 3, 2084393
List the prime factors of 365974156.
2, 2711, 33749
List the prime factors of 137724922.
2, 17, 4050733
What are the prime factors of 1264671209?
1264671209
List the prime factors of 305813233.
11, 31, 53, 16921
List the prime factors of 288613129.
7, 1237, 33331
List the prime factors of 87718057.
7, 12531151
List the prime factors of 3702990456.
2, 3, 11, 17, 229, 1201
List the prime factors of 4156723333.
7, 7537, 78787
List the prime factors of 207978956.
2, 563, 92353
List the prime factors of 4314861404.
2, 7, 2917, 7547
What are the prime factors of 115067160?
2, 3, 5, 13, 23, 1069
What are the prime factors of 72452735?
5, 31, 467437
What are the prime factors of 42139389?
3, 14046463
What are the prime factors of 112728458?
2, 2269, 24841
What are the prime factors of 226126430?
2, 5, 4597, 4919
What are the prime factors of 9244781?
7, 13, 23, 631
What are the prime factors of 35541920?
2, 5, 222137
What are the prime factors of 843148877?
5717, 147481
What are the prime factors of 790388286?
2, 3, 131731381
List the prime factors of 1060619842.
2, 29, 18286549
What are the prime factors of 91721817?
3, 11, 17, 54499
List the prime factors of 142333169